110301322?
-110231201
In base 2, what is -11101 - -1000001110110000101?
1000001110101101000
In base 6, what is -2212110235 - 4?
-2212110243
In base 13, what is -1 + b01489?
b01488
In base 10, what is -104065 - -338?
-103727
In base 14, what is -d1 + -8911?
-8a02
In base 7, what is 5 - -56141524?
56141532
In base 11, what is 1373a6410 + 2?
1373a6412
In base 10, what is 67553 + -807?
66746
In base 6, what is -104 + 2120333011?
2120332503
In base 8, what is -2444443 + 641?
-2443602
In base 12, what is -14 - 10114a7?
-10114bb
In base 9, what is 12 + -323235?
-323223
In base 15, what is -25da0d + 4?
-25da09
In base 10, what is 2593447 + -4?
2593443
In base 15, what is -14600e2 - 4?
-14600e6
In base 11, what is -22863 + 353?
-22510
In base 11, what is -92 - -7041a8?
704116
In base 11, what is 39a177a + 2?
39a1781
In base 5, what is 1003234334 - 141?
1003234143
In base 12, what is -6274 + 310?
-5b64
In base 4, what is -2 + -11031332010?
-11031332012
In base 16, what is a5558ab - -2?
a5558ad
In base 7, what is -512 - 50032?
-50544
In base 11, what is -27 - 156a105?
-156a131
In base 16, what is -19 + -1df6999?
-1df69b2
In base 11, what is 12933a319 - -3?
12933a321
In base 3, what is -2112022010120 + 100222?
-2112021202121
In base 11, what is 3073104 - -3?
3073107
In base 14, what is -49dbc9 - -69?
-49db60
In base 9, what is 6 - -6115785?
6115802
In base 4, what is 3331010 - 330333?
3000011
In base 15, what is -1d - 1931797?
-19317b5
In base 9, what is 3353185 + 38?
3353234
In base 4, what is 1031 - -102300331?
102302022
In base 16, what is -c80 - 8a0?
-1520
In base 3, what is -12011 - 221202012?
-221221100
In base 8, what is -137607 - -77?
-137510
In base 4, what is -10301 - 131112320?
-131123221
In base 14, what is 2818ab - 2?
2818a9
In base 16, what is -a70 + -5f2a?
-699a
In base 7, what is 1530240066 + -5?
1530240061
In base 15, what is 2a + -e221?
-e1e6
In base 4, what is 1102323011 - -1112?
1102330123
In base 14, what is -13759 - 4a0c?
-18367
In base 14, what is -2b7 + -14b13?
-14dca
In base 8, what is -166523432 - -1?
-166523431
In base 11, what is 45 + 2474418?
2474462
In base 5, what is -3004 + -103322003?
-103330012
In base 7, what is 5422202 + 124?
5422326
In base 5, what is 2040001 - -103?
2040104
In base 6, what is 3540403 + -230?
3540133
In base 9, what is 47302 - 4146?
43145
In base 3, what is 12010111110212 + 22?
12010111111011
In base 16, what is 7 + 85db422?
85db429
In base 14, what is -62ad0431 - 3?
-62ad0434
In base 14, what is -5245c - 18b?
-52609
In base 5, what is -3 - -1414211101?
1414211043
In base 7, what is 1204312 + -125?
1204154
In base 2, what is 11110011000010000101000101 - 101?
11110011000010000101000000
In base 4, what is 12032312003120 - 11?
12032312003103
In base 14, what is -438d + -269d?
-6a4c
In base 4, what is 10203030302 + -132?
10203030110
In base 10, what is 1 + -359423978?
-359423977
In base 11, what is 14aa4 + -385?
1471a
In base 9, what is 6202 - 2338?
3753
In base 7, what is 6634661 + 4?
6634665
In base 6, what is -2052020 - -215?
-2051401
In base 16, what is 9 - 81cb3e9?
-81cb3e0
In base 4, what is -3133 - -3303231?
3300032
In base 4, what is -202310232332021 - -1?
-202310232332020
In base 11, what is 1a0a009 + 197?
1a0a1a5
In base 11, what is 3 - 912723?
-912720
In base 13, what is -88bbb + 3559?
-85662
In base 16, what is -2 + -15ea63c?
-15ea63e
In base 6, what is -232 - 13051445?
-13052121
In base 10, what is -5 + 4536312?
4536307
In base 3, what is -11100211001211 - -1201?
-11100211000010
In base 12, what is 2693 - -9b1?
3484
In base 16, what is 1809aa5 - 6?
1809a9f
In base 15, what is -30ee - 2dc?
-33db
In base 12, what is -21b7252a - -3?
-21b72527
In base 3, what is 220100120011202 - -10?
220100120011212
In base 10, what is -1822 - 160?
-1982
In base 16, what is -1d + 4721d?
47200
In base 2, what is -101 - 1110010011000001010010011110?
-1110010011000001010010100011
In base 13, what is -2a + 304509?
3044ac
In base 3, what is -211020100021122 - -10?
-211020100021112
In base 6, what is -121222425231 + -1?
-121222425232
In base 9, what is 23500 - -41?
23541
In base 2, what is -1000111000 - 10101010011000010?
-10101011011111010
In base 12, what is -703a42 - 13?
-703a55
In base 13, what is 12 + 3a877a?
3a878c
In base 2, what is 1101101101111 - 1001001100100110?
-111011110110111
In base 3, what is -1 + 2122022210211221?
2122022210211220
In base 14, what is -5 - -1779b3?
1779ac
In base 6, what is 35340400552 + -12?
35340400540
In base 2, what is 0 + 111101000100111010110?
111101000100111010110
In base 4, what is 2 + 10312212130333?
10312212131001
In base 10, what is -85460125 - 1?
-85460126
In base 7, what is -45311 + -14?
-45325
In base 6, what is -5231442413 - 5?
-5231442422
In base 7, what is 1522265525 - -31?
1522265556
In base 8, what is -15067 + 1744?
-13123
In base 6, what is -4 - 22432424523?
-22432424531
In base 7, what is -51144430 + -2?
-51144432
In base 5, what is 111421 + 13?
111434
In base 4, what is -123 - -2332333110?
2332332321
In base 10, what is 3 - -3540858?
3540861
In base 10, what is -3 - 958161?
-958164
In base 12, what is -10a + -89447a?
-894588
In base 14, what is ad20 + 28?
ad48
In base 2, what is 11100001000001100111 + -10?
11100001000001100101
In base 10, what is 1 - -66855834?
66855835
In base 5, what is -2040033 - 4303?
-2044341
In base 3, what is -1001012022111 - 1?
-1001012022112
In base 9, what is -30 + -1044377?
-1044417
In base 9, what is -26378864 + -3?
-26378867
In base 10, what is -4751659 + 0?
-4751659
In base 6, what is -35141250 - -12?
-35141234
In base 6, what is 20030201 - -151?
20030352
In base 6, what is -341155420 - -124?
-341155252
In base 15, what is -bec5 - -4a?
-be7a
In base 13, what is -5 + 24214?
2420c
In base 3, what is 10011100112202210 + 12?
10011100112202222
In base 4, what is 120 - 1003011101113?
-1003011100333
In base 6, what is 124 - -15243452?
15244020
In base 11, what is -1a04a76 + -9?
-1a04a84
In base 6, what is -1120 - 452311?
-453431
In base 4, what is -2120 - -113203323121?
113203321001
In base 11, what is 1253685 + -62?
1253623
In base 8, what is 43524725 + 7?
43524734
In base 2, what is -1 + 11001110110011111001111?
11001110110011111001110
In base 9, what is 3 - 1134213?
-1134210
In base 9, what is -10842 + 2188?
-7643
In base 9, what is 15100 + 54645?
70745
In base 15, what is 287d + -3a90?
-1212
In base 15, what is 1 + 7121c57?
7121c58
In base 13, what is -29679 + -5ba?
-29c66
In base 13, what is 2 - 1cb825?
-1cb823
In base 6, what is 12233402 - -35?
12233441
In base 3, what is -10001000101 - -2220?
-10000220111
In base 4, what is 2031310130321 - 121?
2031310130200
In base 14, what is 823 + 1ad71?
1b794
In base 15, what is 1c31 - -1b7?
1de8
In base 3, what is -2120121022 - 2202?
-2120201001
In base 14, what is -3 - 11614830?
-11614833
In base 3, what is 1020 + 1111011022002?
1111011100022
In base 15, what is 5ae - 222?
38c
In base 6, what is 14311 + -212530?
-154215
In base 12, what is 14 - 392602?
-3925aa
In base 10, what is -729 + -18766?
-19495
In base 7, what is 125105 + -153?
124622
In base 8, what is 1532107 + -13?
1532074
In base 6, what is 1450 + -14522312?
-14520422
In base 7, what is -16243205566 - -5?
-16243205561
In base 3, what is 2022102 - 212222122?
-210200020
In base 4, what is 11 - 221203232121?
-221203232110
In base 10, what is 563818 + -967?
562851
In base 15, what is 199ec2c + a?
199ec37
In base 8, what is 66701617 + 42?
66701661
In base 5, what is 122012432 + -11242?
122001140
In base 10, what is -4 + -629428?
-629432
In base 3, what is -1102102 - 10002111101?
-10010220210
In base 9, what is -338288 - 65?
-338364
In base 16, what is -4 - -137032c?
1370328
In base 2, what is 11 - -11001010110101111001111000?
11001010110101111001111011
In base 16, what is cb - -24a1?
256c
In base 7, what is 66152654 + 21?
66153005
In base 11, what is -295 - 6452?
-6737
In base 16, what is -aa330 - -4?
-aa32c
In base 13, what is -447965 - -1b?
-447947
In base 2, what is -1001011110010010001101 + 1100?
-1001011110010010000001
In base 13, what is -2a8 + -c71?
-1249
In base 2, what is 101000001110001101111010 - 11?
101000001110001101110111
In base 7, what is -221306364 - 44?
-221306441
In base 14, what is 20 + -da5ab?
-da58b
In base 2, wh